{"id":519,"date":"2019-08-12T18:54:29","date_gmt":"2019-08-12T23:24:29","guid":{"rendered":"http:\/\/antropologiasdelsur.org.ve\/?page_id=519"},"modified":"2019-12-08T17:14:04","modified_gmt":"2019-12-08T21:44:04","slug":"inscripcion","status":"publish","type":"page","link":"https:\/\/antropologiasdelsur.org\/?page_id=519","title":{"rendered":"Inscripci\u00f3n"},"content":{"rendered":"<h4>En esta primera etapa, el <strong>2\u00b0 Congreso Internacional de Antropolog\u00edas del Sur 2019 <\/strong>contar\u00e1 con la modalidad de participaci\u00f3n de <strong>SIMPOSIOS, TALLERES,<\/strong> <strong>MESAS DE TRABAJO Y CONVERSATORIOS<\/strong>:<\/h4>\n<h4><span style=\"color: #1b6b1b;\"><strong>SIMPOSIOS: <\/strong><\/span>consisten en un conjunto de ponencias (individuales o colectivas) agrupadas en torno a un tema central. De acuerdo con los ejes tem\u00e1ticos del Congreso, lxs interesadxs podr\u00e1n proponer simposios presentando un t\u00edtulo, una descripci\u00f3n y justificaci\u00f3n (de m\u00e1ximo 300 palabras), adem\u00e1s deben contener la informaci\u00f3n de las personas que coordinan el simposio (afiliaci\u00f3n institucional y pa\u00eds de origen), los correos electr\u00f3nicos de contacto y un m\u00ednimo de tres (3) y un m\u00e1ximo de cinco (5) res\u00famenes de ponencias (con sus respectivos t\u00edtulos, autores y la afiliaci\u00f3n institucional de los mismos). Deben indicar, adem\u00e1s, en qu\u00e9 cap\u00edtulo les interesa participar.<\/h4>\n<h4><span style=\"color: #1b6b1b;\"><strong>MESAS DE TRABAJO:<\/strong><\/span> se recibir\u00e1n propuestas de mesas en torno a los ejes tem\u00e1ticos antes mencionados, presentando un t\u00edtulo, una descripci\u00f3n y justificaci\u00f3n (de m\u00e1ximo 300 palabras), adem\u00e1s deben contener la informaci\u00f3n de las personas que coordinar\u00e1n la mesa, los correos electr\u00f3nicos de contacto y un m\u00ednimo de tres (3) res\u00famenes de ponencias (con sus respectivos t\u00edtulos, autorxs y la afiliaci\u00f3n institucional de lxs mismxs).<\/h4>\n<h4><span style=\"color: #1b6b1b;\"><strong>CONVERSATORIOS:<\/strong><\/span> el cap\u00edtulo propondr\u00e1 unos ejes de discusi\u00f3n o debate para conversatorios determinados previamente, con el objetivo de que las personas participen con sus intervenciones y enriquezcan la discusi\u00f3n y hagan sus propuestas puntuales.<\/h4>\n<h4><span style=\"color: #1b6b1b;\"><strong>TALLERES:<\/strong> <\/span>se trata de formaci\u00f3n pr\u00e1ctica dirigida por especialistas en un tema, con una estrategia pedag\u00f3gica y resultados del proceso formativo. Los pueden proponer los cap\u00edtulos o ser propuestos por lxs interesadxs.<\/h4>\n<h4><span style=\"color: #1b6b1b;\"><strong>PONENCIAS:<\/strong><\/span> son presentaciones orales cortas enmarcadas dentro de un simposio, que presenten resultados o reflexiones de investigaci\u00f3n. Una vez publicado el listado de simposios y mesas de trabajo aprobados por cap\u00edtulos, lxs interesadxs escoger\u00e1n alguno de ellos y podr\u00e1n inscribir sus propuestas (m\u00e1ximo dos por personas), presentando el t\u00edtulo, un resumen, junto a su nombre y apellido, afiliaci\u00f3n institucional, pa\u00eds y correo electr\u00f3nico de contacto.<\/h4>\n<h4><span style=\"color: #1b6b1b;\"><strong>PRESENTACI\u00d3N DE REVISTAS, LIBROS Y OTRAS PUBLICACIONES:<\/strong><\/span> los grupos de trabajos y editorxs podr\u00e1n presentar las novedades editoriales publicadas desde noviembre del 2016 (fecha de realizaci\u00f3n de la primera edici\u00f3n del Congreso Internacional) hasta la fecha de realizaci\u00f3n de esta segunda edici\u00f3n del evento. Al hacer la propuesta y tener aprobaci\u00f3n del Comit\u00e9 Acad\u00e9mico, se le incluir\u00e1 en la programaci\u00f3n y garantizar\u00e1 un espacio. Otros agasajos, como brindis o compartir de otro tipo, ser\u00e1n asumidos por quienes organicen la presentaci\u00f3n.<\/h4>\n<h4><span style=\"color: #1b6b1b;\"><strong>MUESTRAS AUDIOVISUALES:<\/strong><\/span> para presentar obras audiovisuales derivadas de trabajos antropol\u00f3gicos, bien sea de tipo experimental o documental, vinculados con la tem\u00e1tica central del Congreso o sus ejes. Daremos las indicaciones t\u00e9cnicas en la Segunda Circular.<\/h4>\n<h4>Para las <strong>inscripciones por cap\u00edtulos<\/strong> recomendamos leer las propuestas de cada cap\u00edtulo, escoger el de su inter\u00e9s y luego, por favor, llenar los siguientes <strong>FORMULARIOS DE INSCRIPCI\u00d3N<\/strong>:<\/h4>\n<h2><span style=\"color: #1b6b1b;\"><strong>CAP\u00cdTULO C\u00d3RDOBA-ARGENTINA:<\/strong> <\/span>puede acceder ac\u00e1 al <a href=\"https:\/\/forms.gle\/KdNZcBAyAXjUQH1Z6\" target=\"_blank\" rel=\"noopener noreferrer\">Formulario<\/a>.<\/h2>\n<h2><span style=\"color: #1b6b1b;\"><strong>CAP\u00cdTULO OLAVARR\u00cdA-ARGENTINA:<\/strong><\/span> puede acceder ac\u00e1 al <a href=\"https:\/\/forms.gle\/usjNa3fGQ42nrdYZ8\" target=\"_blank\" rel=\"noopener noreferrer\">Formulario<\/a>.<\/h2>\n<h2><span style=\"color: #1b6b1b;\"><strong>CAP\u00cdTULOS T\u00c1CHIRA-VENEZUELA:<\/strong> <\/span>puede acceder ac\u00e1 al <a href=\"https:\/\/forms.gle\/NDZ4kdCRYbRBGRbt9\" target=\"_blank\" rel=\"noopener noreferrer\">Formulario.<\/a><\/h2>\n<p>\u00a0<\/p>\n\n\n<p><\/p>\n","protected":false},"excerpt":{"rendered":"<p>En esta primera etapa, el 2\u00b0 Congreso Internacional de Antropolog\u00edas del Sur 2019 contar\u00e1 con la modalidad de participaci\u00f3n de SIMPOSIOS, TALLERES, MESAS DE TRABAJO Y CONVERSATORIOS: SIMPOSIOS: consisten en un conjunto de ponencias (individuales o colectivas) agrupadas en torno a un tema central. De acuerdo con los ejes tem\u00e1ticos del Congreso, lxs interesadxs podr\u00e1n<\/p>\n<p><a href=\"https:\/\/antropologiasdelsur.org\/?page_id=519\" class=\"more-link themebutton\">Leer m\u00e1s<\/a><\/p>\n","protected":false},"author":3,"featured_media":0,"parent":0,"menu_order":5,"comment_status":"closed","ping_status":"closed","template":"","meta":{"footnotes":""},"class_list":["post-519","page","type-page","status-publish","hentry"],"jetpack_sharing_enabled":true,"jetpack_shortlink":"https:\/\/wp.me\/P7en3k-8n","jetpack-related-posts":[{"id":1076,"url":"https:\/\/antropologiasdelsur.org\/?page_id=1076","url_meta":{"origin":519,"position":0},"title":"Yaracuy","author":"Annel Mej\u00edas","date":"09\/03\/2020","format":false,"excerpt":"2\u00b0 Congreso Internacional de Antropolog\u00edas del Sur 2020 Cap\u00edtulo Yaracuy-Venezuela \u201cDesaf\u00edos te\u00f3rico-pr\u00e1cticos de las Antropolog\u00edas del Sur en Am\u00e9rica Latina y el Caribe\u201d \u00a0 Fecha: 24-25 de septiembre del 2020. Lugar: Yaracuy, Venezuela. P\u00e1gina web: https:\/\/antropologiasdelsuryarac uy.online\/ MODALIDAD VIRTUAL Segunda Circular Justificaci\u00f3n de la tem\u00e1tica central Yaracuy, situado al noroeste\u2026","rel":"","context":"Entrada similar","block_context":{"text":"Entrada similar","link":""},"img":{"alt_text":"","src":"https:\/\/i0.wp.com\/antropologiasdelsur.org\/wp-content\/uploads\/2020\/09\/AFICHE-CAPITULO-YARACUY-2-1-300x226.jpg?resize=350%2C200","width":350,"height":200,"srcset":"https:\/\/i0.wp.com\/antropologiasdelsur.org\/wp-content\/uploads\/2020\/09\/AFICHE-CAPITULO-YARACUY-2-1-300x226.jpg?resize=350%2C200 1x, https:\/\/i0.wp.com\/antropologiasdelsur.org\/wp-content\/uploads\/2020\/09\/AFICHE-CAPITULO-YARACUY-2-1-300x226.jpg?resize=525%2C300 1.5x"},"classes":[]},{"id":1863,"url":"https:\/\/antropologiasdelsur.org\/?page_id=1863","url_meta":{"origin":519,"position":1},"title":"Inscripci\u00f3n 3er Congreso Internacional de Antropolog\u00edas del Sur","author":"petrizzo","date":"18\/01\/2026","format":false,"excerpt":"FORMULARIO DE INSCRIPCI\u00d3N DE PONENCIA \/ FORMUL\u00c1RIO DE INSCRI\u00c7\u00c3O DA APRESENTA\u00c7\u00d5E Fecha: del 20 de mayo de 2026 hasta el 20 de junio de 2026. DESCRIPCI\u00d3N: A trav\u00e9s de este formulario puede inscribir su propuesta de PONENCIA para el 3er Congreso Internacional de Antropolog\u00edas del Sur 2026. Recordamos que, para\u2026","rel":"","context":"Entrada similar","block_context":{"text":"Entrada similar","link":""},"img":{"alt_text":"Cargando","src":"https:\/\/antropologiasdelsur.org\/wp-content\/plugins\/wpforms\/assets\/images\/submit-spin.svg","width":350,"height":200},"classes":[]},{"id":1712,"url":"https:\/\/antropologiasdelsur.org\/?page_id=1712","url_meta":{"origin":519,"position":2},"title":"Modalidades de participaci\u00f3n","author":"Annel Mej\u00edas","date":"10\/01\/2026","format":false,"excerpt":"EN ESPA\u00d1OL:Se abrir\u00e1n tres modalidades p\u00fablicas de participaci\u00f3n\u00a0y una modalidad interna\u00a0en el 3er Congreso Internacional de Antropolog\u00edas del Sur, esta \u00faltima propuesta por el Comit\u00e9 Organizador y Comit\u00e9 Acad\u00e9mico del congreso:Grupos de Trabajo (GT): la intenci\u00f3n es que se presenten grupos que est\u00e9n desarrollando una tem\u00e1tica en colectivo para que,\u2026","rel":"","context":"Entrada similar","block_context":{"text":"Entrada similar","link":""},"img":{"alt_text":"","src":"","width":0,"height":0},"classes":[]},{"id":2729,"url":"https:\/\/antropologiasdelsur.org\/?page_id=2729","url_meta":{"origin":519,"position":3},"title":"GT Metodolog\u00edas situadas, colaborativas y participativas","author":"Annel Mej\u00edas","date":"13\/05\/2026","format":false,"excerpt":"T\u00edtulo: \"Metodolog\u00edas situadas, colaborativas y participativas: dilemas \u00e9ticos desde la pr\u00e1ctica antropol\u00f3gica en el Sur\" Coordinaci\u00f3n Dra. Paula Contreras Rojas (Universidad Academia de Humanismo Cristiano, Chile)Dra. Laura Panizo (Incihusa-CONICET\/Universidad Siglo XXI, Argentina) Moderaci\u00f3n Dra. Mayar\u00ed Castillo Gallardo (Universidad Mayor, Chile) Resumen Este Grupo de Trabajo tiene como finalidad compartir las\u2026","rel":"","context":"Entrada similar","block_context":{"text":"Entrada similar","link":""},"img":{"alt_text":"","src":"","width":0,"height":0},"classes":[]},{"id":2,"url":"https:\/\/antropologiasdelsur.org\/?page_id=2","url_meta":{"origin":519,"position":4},"title":"Primer Congreso","author":"petrizzo","date":"04\/06\/2015","format":false,"excerpt":"PRIMER CONGRESO INTERNACIONAL DE ANTROPOLOG\u00cdAS DEL SUR 2016 FECHAS IMPORTANTES: Inscripciones: la preinscripci\u00f3n se realizar\u00e1 por la p\u00e1gina electr\u00f3nica, que pronto se anunciar\u00e1; pueden enviar para su evaluaci\u00f3n los res\u00famenes de ponencia por el correo electr\u00f3nico: congresoantropologiadelsur2016@gmail.com. La inscripci\u00f3n ser\u00e1 presencial el 10\/10\/2016 y la inauguraci\u00f3n se har\u00e1 ese mismo\u2026","rel":"","context":"Con 2 comentarios","block_context":{"text":"Con 2 comentarios","link":"https:\/\/antropologiasdelsur.org\/?page_id=2#comments"},"img":{"alt_text":"","src":"","width":0,"height":0},"classes":[]},{"id":500,"url":"https:\/\/antropologiasdelsur.org\/?page_id=500","url_meta":{"origin":519,"position":5},"title":"Barinas","author":"Diego Camilo Figueroa","date":"12\/08\/2019","format":false,"excerpt":"2\u00b0 Congreso Internacional de Antropolog\u00edas del Sur 2022(Cap\u00edtulo Barinas-Venezuela)\u201cTerritorio, Sociedad y Cultura\u201d 08-10 de noviembre del 2022 \"El horizonte y yo vamos\/solos por la llana tierra:\/ me enlaz\u00f3 todos los rumbos\/su audacia de soga abierta\" Alberto Arvelo Torrealba \u00a0 \"\u00a1\u00a1Qui\u00e9n dice que el Sur no es llano\u2026!!\" Manuel D\u00edaz Rivas\u2026","rel":"","context":"Entrada similar","block_context":{"text":"Entrada similar","link":""},"img":{"alt_text":"","src":"https:\/\/i0.wp.com\/antropologiasdelsur.org\/wp-content\/uploads\/2022\/10\/AFICHE-NUEVO-Capi%CC%81tulo-Barinas-2-BR-300x226.jpg?resize=350%2C200","width":350,"height":200,"srcset":"https:\/\/i0.wp.com\/antropologiasdelsur.org\/wp-content\/uploads\/2022\/10\/AFICHE-NUEVO-Capi%CC%81tulo-Barinas-2-BR-300x226.jpg?resize=350%2C200 1x, https:\/\/i0.wp.com\/antropologiasdelsur.org\/wp-content\/uploads\/2022\/10\/AFICHE-NUEVO-Capi%CC%81tulo-Barinas-2-BR-300x226.jpg?resize=525%2C300 1.5x"},"classes":[]}],"_links":{"self":[{"href":"https:\/\/antropologiasdelsur.org\/index.php?rest_route=\/wp\/v2\/pages\/519","targetHints":{"allow":["GET"]}}],"collection":[{"href":"https:\/\/antropologiasdelsur.org\/index.php?rest_route=\/wp\/v2\/pages"}],"about":[{"href":"https:\/\/antropologiasdelsur.org\/index.php?rest_route=\/wp\/v2\/types\/page"}],"author":[{"embeddable":true,"href":"https:\/\/antropologiasdelsur.org\/index.php?rest_route=\/wp\/v2\/users\/3"}],"replies":[{"embeddable":true,"href":"https:\/\/antropologiasdelsur.org\/index.php?rest_route=%2Fwp%2Fv2%2Fcomments&post=519"}],"version-history":[{"count":11,"href":"https:\/\/antropologiasdelsur.org\/index.php?rest_route=\/wp\/v2\/pages\/519\/revisions"}],"predecessor-version":[{"id":898,"href":"https:\/\/antropologiasdelsur.org\/index.php?rest_route=\/wp\/v2\/pages\/519\/revisions\/898"}],"wp:attachment":[{"href":"https:\/\/antropologiasdelsur.org\/index.php?rest_route=%2Fwp%2Fv2%2Fmedia&parent=519"}],"curies":[{"name":"wp","href":"https:\/\/api.w.org\/{rel}","templated":true}]}}